
Let o(y) = 5*y**2 - 15*y + 15. Let c(f) = -12*f**2 + 32*f - 27. Let t(p) = 2*c(p) + 5*o(p). Give t(9).
3
Let n(s) = -51*s**2 - 87. Let p(z) = -11*z**2 + z - 18. Let k(i) = 3*n(i) - 14*p(i). Let b(h) = -h**2 + 9*h + 1. Let v be b(7). Calculate k(v).
6
Let r(s) = -4 + s**2 - 7*s + 3 + 5. Suppose -3*g + 7 = 4*c, -4*g = c - 38 + 59. Calculate r(c).
4
Let d = 12 - -83. Let o = -98 + d. Let c(q) = -3*q**2 - 2*q + 2. Let s(x) = 4*x**2 + 3*x - 2. Let t(j) = -5*c(j) - 4*s(j). Determine t(o).
-5
Let o(c) = -12*c - 5 - 9*c**2 + 8341*c**3 + 8334*c**3 - 16676*c**3. Calculate o(-5).
-45
Let o(b) = -6*b**2 + 4*b + 5. Let f(l) = 7*l**2 - 4*l - 6. Let w(h) = -5*f(h) - 6*o(h). Suppose 0 = -6*z + 4*n + 20, 10 = -3*n - 2*n. Determine w(z).
-4
Suppose y = 4*l + 5*y - 36, -2*l = 5*y - 33. Let s be (-6 - -2)*15/(-20). Let z(c) = 4*c**2 - 3*c + c**3 + 2*c**2 + 0*c**3 + 2 - 2*c**s. Determine z(l).
22
Suppose 2 = 5*r + o, 6*o = -r + 9*o - 6. Suppose r = -4*c + 3*d + 20, -c - 4*d = c - 32. Let z(k) = k**2 - 8*k + 10. Determine z(c).
10
Let b(z) = -z - 82. Let s be ((-2)/4)/(503/8048). What is b(s)?
-74
Let s be (11/(-3))/(-1 - (-20)/24). Let m(f) = 3 + 2*f + s*f**3 + 18*f**3 - 39*f**3 - 4 - f**2. Give m(1).
1
Let p be (-4)/((4/(-20))/((-20)/(-5))). Let q(b) = -p*b + 55*b + 46*b + 2. Give q(-2).
-40
Let y(z) = 141 - 117 - 22*z - 260. Give y(-11).
6
Let l(f) = 3*f - 10. Suppose 0 = 3*x - 4*z - 52, -10*x = -12*x + 4*z + 40. Let b be ((-1)/2 - -2)/(x/(-48)). What is l(b)?
-28
Let z(d) be the first derivative of -d**3/3 + 3*d**2 - 2*d + 25. Suppose -6*v = -36*v + 120. Determine z(v).
6
Let x(o) = 11*o**2 - 155*o + 14. Let k be 4*((-5)/10 + 4). Let f be x(k). Let l(z) = -z**3 + z + 8. Determine l(f).
8
Let o(q) be the third derivative of -q**6/120 - 3*q**5/20 - q**4/24 + 19*q**3/6 - 16*q**2. What is o(-9)?
28
Let g(v) = 3*v + 31. Let z be g(-8). Let b(r) = z - 2*r - r + 5*r. Suppose -j = -4*j - 21. Determine b(j).
-7
Let x(t) be the second derivative of -t**4/12 - t**3/6 - 2*t**2 + 11*t + 83. Let z = -14 + 14. Determine x(z).
-4
Let b be 0*((-3)/(-3))/(-1) - -3. Suppose -2*x + 3*j = -b*x + 10, 2*j = -4*x + 50. Let f(g) = x*g - 7*g - 7 + 10. Calculate f(-2).
-9
Let k(y) = y + 7. Suppose 3*r + 5*h = 10*h + 123, r - h - 41 = 0. Let p(b) = b**3 - 40*b**2 - 43*b + 77. Let x be p(r). Give k(x).
2
Let n(o) be the first derivative of -o**6/120 - o**5/10 + o**4/8 - 2*o**3/3 - 23*o**2 + 29. Let g(l) be the second derivative of n(l). Determine g(-7).
24
Let j(d) be the third derivative of 197*d**4/24 - 1573*d**3/6 - 9910*d**2. What is j(8)?
3
Let d(x) = -x**3 + 15*x**2 - 14*x + 1. Suppose 4*j = 3*t - 7, -5*j - t + 12 + 3 = 0. Suppose j*y = -2*y - 12, -5*g + 85 = -5*y. Calculate d(g).
1
Let s(z) = 13*z**2 + 19*z - 38. Let n(u) = 45*u**2 + 65*u - 129. Let i(y) = -5*n(y) + 17*s(y). Determine i(-1).
-3
Let p be (-2)/(-16)*-2 - (-156)/48. Let y(m) = 4*m**3 + 11 - m**3 + 3*m**p - 7*m**3. Determine y(0).
11
Let h(v) = -v**2 + 178*v - 7840. Let j be h(80). Let n(g) be the third derivative of 0*g - 1/2*g**3 + j - 1/12*g**4 - 38*g**2. Calculate n(4).
-11
Let f be 4/(-20)*0 + -1. Let d be 2*1/(-2) - (-4 - f). Let w(s) = s**d + 3 - 72*s + 65*s + 7. Give w(7).
10
Suppose -16 = 4*l, 0*b - 5*l - 20 = 4*b. Suppose b = -15*r + 40 + 65. Let q(z) = -z**2 + 7*z - 3. Give q(r).
-3
Let t(s) = -2*s. Suppose -5*h - 335 = 5*u, 4*u - 66 = h - 14. Let o = 61 + h. Calculate t(o).
6
Let u(z) = 4*z + 23. Suppose 945 = -256*x + 67*x. Give u(x).
3
Let s(c) be the second derivative of c**4/12 + c**3/2 - 5*c**2/2 + 23*c - 2. What is s(-5)?
5
Let a(j) be the third derivative of -j**4/24 - j**3 - j**2. Let g be 4 - (5 + (-2)/4*10). Let u be 2/10 + 56/(-5) + g. Determine a(u).
1
Let w = 29363 + -29360. Let g(x) be the second derivative of 0 - 3/2*x**w - 1/12*x**4 - 1/2*x**2 - 13*x. Give g(-8).
7
Let a(g) = 2 - 69*g + 0*g**3 - g**3 + 0*g**2 + 76*g - 2*g**2 + 3*g**2. Give a(4).
-18
Let q(n) = 3*n - 27. Let y be q(11). Let t(w) = -w**3 + 7*w**2 - w - 17. Let a be t(y). Let h(z) = -62*z + 35*z + 28*z + a. Give h(-9).
4
Let s(f) be the third derivative of -f**6/360 + f**5/24 - 59*f**4/12 - 78*f**2. Let v(x) be the second derivative of s(x). What is v(5)?
-5
Let k(u) = 718*u - 56*u**2 + 108*u**2 - 53*u**2 + 7 - 716*u. Suppose 0 = -z - h - 3, -3*z - h - 9 = 4. What is k(z)?
-28
Suppose 50 = 2*z - 4. Suppose -z = 24*p + 45. Let v(h) be the first derivative of h**4/4 + h**3 - 2*h**2 - 2*h + 1. Give v(p).
10
Suppose -144 = -3*b + 15*u, 4*b + 6 = -56*u + 58*u. Let g(l) = -2 - 1 - 1 + 2*l. Determine g(b).
-18
Let i(m) be the third derivative of -m**4/8 + 5*m**3/3 + 29*m**2 + 7*m - 2. Determine i(2).
4
Let v(w) = 31*w + 50. Suppose l - 2 - 2 = 3*a, -4 = -2*l + 4*a. Calculate v(l).
-12
Suppose -4 = -4*q - 3*h, 0 = q + h - 3*h - 12. Suppose -6*j + 5*j - 17 = 5*t, -16 = 2*j + q*t. Let v(c) = 4*c**2 + 4*c + 2. Give v(j).
10
Let y(i) = i**3 + 4*i**2 + 8*i + 1. Suppose 5*p = -b - 15, 2*b - 26 = -42*p + 46*p. Calculate y(p).
-31
Let l(u) = -7*u**3 - 17*u**2 - 22*u - 24. Let t(g) = -11*g**3 - 26*g**2 - 34*g - 37. Let j(w) = -8*l(w) + 5*t(w). Calculate j(-5).
2
Let q = 250 - 61. Let l be 837/(-36) - 10 - (-7)/(-4). Let j be ((-18)/10)/3 + q/l. Let b(f) = f**2 + 6*f + 3. Calculate b(j).
3
Suppose 0 = j - 4*j + 9. Let a(m) = 4 + 8*m - j + 12*m. Let u = -6 - -5. Calculate a(u).
-19
Let o = 10004 - 10010. Let f(x) = 11*x - 13. Determine f(o).
-79
Suppose 308 = 9*u + 263. Let l(o) = -2*o + 2*o**2 - u*o - o + 14*o + 7. Determine l(-3).
7
Let o be -4*117/30*(0 - 50/20). Let i(h) = -h**3 + 39*h**2 - 5. Calculate i(o).
-5
Let n(j) = -10*j - 11. Suppose 0 = -33*v - 1913 + 2045. Give n(v).
-51
Let q(n) = 57*n - 23. Let c(k) = 25*k - 12. Let l(v) = -9*c(v) + 4*q(v). Give l(-5).
1
Let t(o) = -40*o**2 - o**2 - 7*o - 41*o**2 + 83*o**2. Suppose 0 = -3*n + 3*s + 18, -3*n - s + 6 = -n. What is t(n)?
-12
Suppose 5*y + 4*r = -150, 3*y + 4*r = r - 87. Let j = 29 + y. Let h(s) = -s**2 - 31*s - 15 + 14 + 24*s. Determine h(j).
9
Let r(g) = 4*g + 8*g - 2 - 9*g. Let i(v) = -4*v + 2. Let z(f) = -4*i(f) - 6*r(f). Suppose -3*j = 2*n - 7, 0*j - 5*n = 3*j - 4. Determine z(j).
-2
Let l(c) = c - 8. Let p(n) = -n**2 - 19*n - 82. Let j be p(-7). Suppose 2*z + j*t = 6*t + 20, 0 = 2*z + 4*t - 4. What is l(z)?
-2
Let k(j) = j**3 + 10*j**2 + 11*j + 22. Let p be k(-9). Let g(h) = -6*h + 22. Let m be g(p). Let o(r) be the first derivative of -r**2/2 - 4*r + 4. What is o(m)?
-2
Let j(g) = -g**3 + 6*g**2 + 8*g - 11. Let b = -3856 + 3862. What is j(b)?
37
Let o(l) = l - 5. Let z = 62 + -60. Let t(h) = 5*h - 7. Let r be t(z). Suppose 0 = -r*g + 13 + 11. Calculate o(g).
3
Let r(a) be the first derivative of -a**3/3 - 17*a**2/2 + 24*a + 1999. Give r(-16).
40
Let h(y) = -45*y + 22. Let j(t) = -130*t + 65. Let k(l) = 20*h(l) - 7*j(l). Give k(2).
5
Suppose -4*b + 13*b = 72. Let v(g) = 1 + 9 + g - 5. Calculate v(b).
13
Let n(u) be the third derivative of u**5/30 + u**4/24 - u**3/3 + 8*u**2 + 18. Let g(t) = -t**3 - 11*t**2 - t - 9. Let d be g(-11). Calculate n(d).
8
Let c(g) be the second derivative of 11/6*g**3 + 1/12*g**4 - 1/2*g**2 + 31*g + 0. Determine c(-11).
-1
Let h(u) = u**3 - 17*u**2 + 8*u - 2 + 10 + 0*u - 4*u + 24*u**2. Let x(y) = y - 3. Let i be x(-4). Determine h(i).
-20
Let f be ((-32)/56 + 250/21)*9/(-6). Let c(h) = 6*h + 84. Determine c(f).
-18
Let c = -13091 - -13095. Let q(p) = 3*p**3 - 14*p**2 + p + 6. Calculate q(c).
-22
Suppose 10 + 0 = -5*z. Let t(o) = -o - 2*o**3 + o**3 + 290615*o**2 - 1 - 290614*o**2. Give t(z).
13
Let w(d) be the first derivative of -d**4/4 + 7*d**3/3 + 9*d**2/2 - 4*d + 486. Let b be ((-11)/(-22))/(2/32). Give w(b).
4
Let y be 12 + -27 + (-546)/(-36). Let d(i) be the second derivative of -16*i + 1/20*i**5 + 1/12*i**4 + 0 - i**2 - y*i**3. Give d(0).
-2
Let s = -38 - -38. Suppose s = -18*n + 26*n - 40. Let w(o) = -2*o + 5. Calculate w(n).
-5
Suppose 4*z = 6*c - 3*c + 13, z - 2 = 2*c. Let u = z + 2. Let y(s) = -4 + 0*s + 2 + s - 2*s**2 + 17*s - 9*s. What is y(u)?
-20
Suppose 50*j + 9329 = 541*j. Let l(t) be the first derivative of 1/2*t**2 + 7*t - j. Calculate l(-11).
-4
Let l be 4/118 + 36225/12213. Let a(h) = -h**2 - 5*h + 4. Calculate a(l).
-20
Let k = 330 + 14. Suppose -2*s - 4*o = s - 537, 2*o = 2*s - k. Let p(x) = 169 + 0*x - s + x. Calculate p(4